{"id":49598,"date":"2018-04-30T19:23:21","date_gmt":"2018-04-30T22:23:21","guid":{"rendered":"http:\/\/caririemacao.com\/1\/wp-content\/uploads\/2018\/04\/Exame-de-aptid\u00e3o-f\u00edsica-concurso-da-PM-e-do-Corpo-de-Bombeiros-768x678.jpg"},"modified":"2018-04-30T19:23:21","modified_gmt":"2018-04-30T22:23:21","slug":"exame-de-aptidao-fisica-concurso-da-pm-e-do-corpo-de-bombeiros-768x678","status":"inherit","type":"attachment","link":"https:\/\/www.caririemacao.com\/1\/2018\/04\/30\/faltando-50-dias-para-o-exame-fisico-do-concurso-da-pm-educador-fisico-da-dicas-de-como-se-preparar-para-a-prova\/exame-de-aptidao-fisica-concurso-da-pm-e-do-corpo-de-bombeiros-768x678\/","title":{"rendered":"Exame-de-aptid\u00e3o-f\u00edsica-concurso-da-PM-e-do-Corpo-de-Bombeiros-768&#215;678"},"author":2,"featured_media":0,"comment_status":"closed","ping_status":"closed","template":"","meta":{"sfsi_plus_gutenberg_text_before_share":"","sfsi_plus_gutenberg_show_text_before_share":"","sfsi_plus_gutenberg_icon_type":"","sfsi_plus_gutenberg_icon_alignemt":"","sfsi_plus_gutenburg_max_per_row":""},"class_list":["post-49598","attachment","type-attachment","status-inherit","hentry"],"smush":"N\u00e3o processado","description":{"rendered":"<p class=\"attachment\"><a href='https:\/\/www.caririemacao.com\/1\/wp-content\/uploads\/2018\/04\/Exame-de-aptid\u00e3o-f\u00edsica-concurso-da-PM-e-do-Corpo-de-Bombeiros-768x678.jpg'><img fetchpriority=\"high\" decoding=\"async\" width=\"300\" height=\"265\" src=\"https:\/\/www.caririemacao.com\/1\/wp-content\/uploads\/2018\/04\/Exame-de-aptid\u00e3o-f\u00edsica-concurso-da-PM-e-do-Corpo-de-Bombeiros-768x678-300x265.jpg\" class=\"attachment-medium size-medium\" alt=\"\" srcset=\"https:\/\/www.caririemacao.com\/1\/wp-content\/uploads\/2018\/04\/Exame-de-aptid\u00e3o-f\u00edsica-concurso-da-PM-e-do-Corpo-de-Bombeiros-768x678-300x265.jpg 300w, https:\/\/www.caririemacao.com\/1\/wp-content\/uploads\/2018\/04\/Exame-de-aptid\u00e3o-f\u00edsica-concurso-da-PM-e-do-Corpo-de-Bombeiros-768x678.jpg 768w\" sizes=\"(max-width: 300px) 100vw, 300px\" \/><\/a><\/p>\n"},"caption":{"rendered":""},"alt_text":"","media_type":"image","mime_type":"image\/jpeg","media_details":{"width":768,"height":678,"file":"2018\/04\/Exame-de-aptid\u00e3o-f\u00edsica-concurso-da-PM-e-do-Corpo-de-Bombeiros-768x678.jpg","sizes":{"thumbnail":{"file":"Exame-de-aptid\u00e3o-f\u00edsica-concurso-da-PM-e-do-Corpo-de-Bombeiros-768x678-150x150.jpg","width":150,"height":150,"mime_type":"image\/jpeg","source_url":"https:\/\/www.caririemacao.com\/1\/wp-content\/uploads\/2018\/04\/Exame-de-aptid\u00e3o-f\u00edsica-concurso-da-PM-e-do-Corpo-de-Bombeiros-768x678-150x150.jpg"},"medium":{"file":"Exame-de-aptid\u00e3o-f\u00edsica-concurso-da-PM-e-do-Corpo-de-Bombeiros-768x678-300x265.jpg","width":300,"height":265,"mime_type":"image\/jpeg","source_url":"https:\/\/www.caririemacao.com\/1\/wp-content\/uploads\/2018\/04\/Exame-de-aptid\u00e3o-f\u00edsica-concurso-da-PM-e-do-Corpo-de-Bombeiros-768x678-300x265.jpg"},"medium_large":{"file":"Exame-de-aptid\u00e3o-f\u00edsica-concurso-da-PM-e-do-Corpo-de-Bombeiros-768x678-768x678.jpg","width":768,"height":678,"mime_type":"image\/jpeg","source_url":"https:\/\/www.caririemacao.com\/1\/wp-content\/uploads\/2018\/04\/Exame-de-aptid\u00e3o-f\u00edsica-concurso-da-PM-e-do-Corpo-de-Bombeiros-768x678-768x678.jpg"},"colormag-highlighted-post":{"file":"Exame-de-aptid\u00e3o-f\u00edsica-concurso-da-PM-e-do-Corpo-de-Bombeiros-768x678-392x272.jpg","width":392,"height":272,"mime_type":"image\/jpeg","source_url":"https:\/\/www.caririemacao.com\/1\/wp-content\/uploads\/2018\/04\/Exame-de-aptid\u00e3o-f\u00edsica-concurso-da-PM-e-do-Corpo-de-Bombeiros-768x678-392x272.jpg"},"colormag-featured-post-medium":{"file":"Exame-de-aptid\u00e3o-f\u00edsica-concurso-da-PM-e-do-Corpo-de-Bombeiros-768x678-390x205.jpg","width":390,"height":205,"mime_type":"image\/jpeg","source_url":"https:\/\/www.caririemacao.com\/1\/wp-content\/uploads\/2018\/04\/Exame-de-aptid\u00e3o-f\u00edsica-concurso-da-PM-e-do-Corpo-de-Bombeiros-768x678-390x205.jpg"},"colormag-featured-post-small":{"file":"Exame-de-aptid\u00e3o-f\u00edsica-concurso-da-PM-e-do-Corpo-de-Bombeiros-768x678-130x90.jpg","width":130,"height":90,"mime_type":"image\/jpeg","source_url":"https:\/\/www.caririemacao.com\/1\/wp-content\/uploads\/2018\/04\/Exame-de-aptid\u00e3o-f\u00edsica-concurso-da-PM-e-do-Corpo-de-Bombeiros-768x678-130x90.jpg"},"colormag-featured-image":{"file":"Exame-de-aptid\u00e3o-f\u00edsica-concurso-da-PM-e-do-Corpo-de-Bombeiros-768x678-768x445.jpg","width":768,"height":445,"mime_type":"image\/jpeg","source_url":"https:\/\/www.caririemacao.com\/1\/wp-content\/uploads\/2018\/04\/Exame-de-aptid\u00e3o-f\u00edsica-concurso-da-PM-e-do-Corpo-de-Bombeiros-768x678-768x445.jpg"},"full":{"file":"Exame-de-aptid\u00e3o-f\u00edsica-concurso-da-PM-e-do-Corpo-de-Bombeiros-768x678.jpg","width":768,"height":678,"mime_type":"image\/jpeg","source_url":"https:\/\/www.caririemacao.com\/1\/wp-content\/uploads\/2018\/04\/Exame-de-aptid\u00e3o-f\u00edsica-concurso-da-PM-e-do-Corpo-de-Bombeiros-768x678.jpg"}},"image_meta":{"aperture":"0","credit":"","camera":"","caption":"","created_timestamp":"0","copyright":"","focal_length":"0","iso":"0","shutter_speed":"0","title":"","orientation":"0","keywords":[]}},"post":49597,"source_url":"https:\/\/www.caririemacao.com\/1\/wp-content\/uploads\/2018\/04\/Exame-de-aptid\u00e3o-f\u00edsica-concurso-da-PM-e-do-Corpo-de-Bombeiros-768x678.jpg","_links":{"self":[{"href":"https:\/\/www.caririemacao.com\/1\/wp-json\/wp\/v2\/media\/49598","targetHints":{"allow":["GET"]}}],"collection":[{"href":"https:\/\/www.caririemacao.com\/1\/wp-json\/wp\/v2\/media"}],"about":[{"href":"https:\/\/www.caririemacao.com\/1\/wp-json\/wp\/v2\/types\/attachment"}],"author":[{"embeddable":true,"href":"https:\/\/www.caririemacao.com\/1\/wp-json\/wp\/v2\/users\/2"}],"replies":[{"embeddable":true,"href":"https:\/\/www.caririemacao.com\/1\/wp-json\/wp\/v2\/comments?post=49598"}],"wp:attached-to":[{"embeddable":true,"post_type":"post","id":49597,"href":"https:\/\/www.caririemacao.com\/1\/wp-json\/wp\/v2\/posts\/49597"}],"curies":[{"name":"wp","href":"https:\/\/api.w.org\/{rel}","templated":true}]}}

http://caririemacao.com/1/wp-content/uploads/2018/04/Exame-de-aptidão-física-concurso-da-PM-e-do-Corpo-de-Bombeiros-768x678.jpg

Exame-de-aptidão-física-concurso-da-PM-e-do-Corpo-de-Bombeiros-768&#215;678

Não processado

<p class="attachment"><a href='https://www.caririemacao.com/1/wp-content/uploads/2018/04/Exame-de-aptidão-física-concurso-da-PM-e-do-Corpo-de-Bombeiros-768x678.jpg'><img fetchpriority="high" decoding="async" width="300" height="265" src="https://www.caririemacao.com/1/wp-content/uploads/2018/04/Exame-de-aptidão-física-concurso-da-PM-e-do-Corpo-de-Bombeiros-768x678-300x265.jpg" class="attachment-medium size-medium" alt="" srcset="https://www.caririemacao.com/1/wp-content/uploads/2018/04/Exame-de-aptidão-física-concurso-da-PM-e-do-Corpo-de-Bombeiros-768x678-300x265.jpg 300w, https://www.caririemacao.com/1/wp-content/uploads/2018/04/Exame-de-aptidão-física-concurso-da-PM-e-do-Corpo-de-Bombeiros-768x678.jpg 768w" sizes="(max-width: 300px) 100vw, 300px" /></a></p>

2018/04/Exame-de-aptidão-física-concurso-da-PM-e-do-Corpo-de-Bombeiros-768x678.jpg

Exame-de-aptidão-física-concurso-da-PM-e-do-Corpo-de-Bombeiros-768x678-150x150.jpg

https://www.caririemacao.com/1/wp-content/uploads/2018/04/Exame-de-aptidão-física-concurso-da-PM-e-do-Corpo-de-Bombeiros-768x678-150x150.jpg

Exame-de-aptidão-física-concurso-da-PM-e-do-Corpo-de-Bombeiros-768x678-300x265.jpg

https://www.caririemacao.com/1/wp-content/uploads/2018/04/Exame-de-aptidão-física-concurso-da-PM-e-do-Corpo-de-Bombeiros-768x678-300x265.jpg

Exame-de-aptidão-física-concurso-da-PM-e-do-Corpo-de-Bombeiros-768x678-768x678.jpg

https://www.caririemacao.com/1/wp-content/uploads/2018/04/Exame-de-aptidão-física-concurso-da-PM-e-do-Corpo-de-Bombeiros-768x678-768x678.jpg

Exame-de-aptidão-física-concurso-da-PM-e-do-Corpo-de-Bombeiros-768x678-392x272.jpg

https://www.caririemacao.com/1/wp-content/uploads/2018/04/Exame-de-aptidão-física-concurso-da-PM-e-do-Corpo-de-Bombeiros-768x678-392x272.jpg

Exame-de-aptidão-física-concurso-da-PM-e-do-Corpo-de-Bombeiros-768x678-390x205.jpg

https://www.caririemacao.com/1/wp-content/uploads/2018/04/Exame-de-aptidão-física-concurso-da-PM-e-do-Corpo-de-Bombeiros-768x678-390x205.jpg

Exame-de-aptidão-física-concurso-da-PM-e-do-Corpo-de-Bombeiros-768x678-130x90.jpg

https://www.caririemacao.com/1/wp-content/uploads/2018/04/Exame-de-aptidão-física-concurso-da-PM-e-do-Corpo-de-Bombeiros-768x678-130x90.jpg

Exame-de-aptidão-física-concurso-da-PM-e-do-Corpo-de-Bombeiros-768x678-768x445.jpg

https://www.caririemacao.com/1/wp-content/uploads/2018/04/Exame-de-aptidão-física-concurso-da-PM-e-do-Corpo-de-Bombeiros-768x678-768x445.jpg

Exame-de-aptidão-física-concurso-da-PM-e-do-Corpo-de-Bombeiros-768x678.jpg

https://www.caririemacao.com/1/wp-content/uploads/2018/04/Exame-de-aptidão-física-concurso-da-PM-e-do-Corpo-de-Bombeiros-768x678.jpg
