{"id":49927,"date":"2018-05-04T12:17:49","date_gmt":"2018-05-04T15:17:49","guid":{"rendered":"http:\/\/caririemacao.com\/1\/wp-content\/uploads\/2018\/05\/Opera\u00e7\u00e3o-apreens\u00e3o-de-carga-300x169.jpeg"},"modified":"2018-05-04T12:17:49","modified_gmt":"2018-05-04T15:17:49","slug":"operacao-apreensao-de-carga-300x169","status":"inherit","type":"attachment","link":"https:\/\/www.caririemacao.com\/1\/2018\/05\/04\/comerciante-suspeito-de-vender-produtos-vencidos-e-preso-durante-fiscalizacao\/operacao-apreensao-de-carga-300x169\/","title":{"rendered":"Opera\u00e7\u00e3o-apreens\u00e3o-de-carga-300&#215;169"},"author":2,"featured_media":0,"comment_status":"closed","ping_status":"closed","template":"","meta":{"sfsi_plus_gutenberg_text_before_share":"","sfsi_plus_gutenberg_show_text_before_share":"","sfsi_plus_gutenberg_icon_type":"","sfsi_plus_gutenberg_icon_alignemt":"","sfsi_plus_gutenburg_max_per_row":""},"class_list":["post-49927","attachment","type-attachment","status-inherit","hentry"],"smush":"N\u00e3o processado","description":{"rendered":"<p class=\"attachment\"><a href='https:\/\/www.caririemacao.com\/1\/wp-content\/uploads\/2018\/05\/Opera\u00e7\u00e3o-apreens\u00e3o-de-carga-300x169.jpeg'><img fetchpriority=\"high\" decoding=\"async\" width=\"300\" height=\"169\" src=\"https:\/\/www.caririemacao.com\/1\/wp-content\/uploads\/2018\/05\/Opera\u00e7\u00e3o-apreens\u00e3o-de-carga-300x169-300x169.jpeg\" class=\"attachment-medium size-medium\" alt=\"\" \/><\/a><\/p>\n"},"caption":{"rendered":""},"alt_text":"","media_type":"image","mime_type":"image\/jpeg","media_details":{"width":300,"height":169,"file":"2018\/05\/Opera\u00e7\u00e3o-apreens\u00e3o-de-carga-300x169.jpeg","sizes":{"thumbnail":{"file":"Opera\u00e7\u00e3o-apreens\u00e3o-de-carga-300x169-150x150.jpeg","width":150,"height":150,"mime_type":"image\/jpeg","source_url":"https:\/\/www.caririemacao.com\/1\/wp-content\/uploads\/2018\/05\/Opera\u00e7\u00e3o-apreens\u00e3o-de-carga-300x169-150x150.jpeg"},"medium":{"file":"Opera\u00e7\u00e3o-apreens\u00e3o-de-carga-300x169-300x169.jpeg","width":300,"height":169,"mime_type":"image\/jpeg","source_url":"https:\/\/www.caririemacao.com\/1\/wp-content\/uploads\/2018\/05\/Opera\u00e7\u00e3o-apreens\u00e3o-de-carga-300x169-300x169.jpeg"},"colormag-featured-post-small":{"file":"Opera\u00e7\u00e3o-apreens\u00e3o-de-carga-300x169-130x90.jpeg","width":130,"height":90,"mime_type":"image\/jpeg","source_url":"https:\/\/www.caririemacao.com\/1\/wp-content\/uploads\/2018\/05\/Opera\u00e7\u00e3o-apreens\u00e3o-de-carga-300x169-130x90.jpeg"},"full":{"file":"Opera\u00e7\u00e3o-apreens\u00e3o-de-carga-300x169.jpeg","width":300,"height":169,"mime_type":"image\/jpeg","source_url":"https:\/\/www.caririemacao.com\/1\/wp-content\/uploads\/2018\/05\/Opera\u00e7\u00e3o-apreens\u00e3o-de-carga-300x169.jpeg"}},"image_meta":{"aperture":"0","credit":"","camera":"","caption":"","created_timestamp":"0","copyright":"","focal_length":"0","iso":"0","shutter_speed":"0","title":"","orientation":"0","keywords":[]}},"post":49926,"source_url":"https:\/\/www.caririemacao.com\/1\/wp-content\/uploads\/2018\/05\/Opera\u00e7\u00e3o-apreens\u00e3o-de-carga-300x169.jpeg","_links":{"self":[{"href":"https:\/\/www.caririemacao.com\/1\/wp-json\/wp\/v2\/media\/49927","targetHints":{"allow":["GET"]}}],"collection":[{"href":"https:\/\/www.caririemacao.com\/1\/wp-json\/wp\/v2\/media"}],"about":[{"href":"https:\/\/www.caririemacao.com\/1\/wp-json\/wp\/v2\/types\/attachment"}],"author":[{"embeddable":true,"href":"https:\/\/www.caririemacao.com\/1\/wp-json\/wp\/v2\/users\/2"}],"replies":[{"embeddable":true,"href":"https:\/\/www.caririemacao.com\/1\/wp-json\/wp\/v2\/comments?post=49927"}],"wp:attached-to":[{"embeddable":true,"post_type":"post","id":49926,"href":"https:\/\/www.caririemacao.com\/1\/wp-json\/wp\/v2\/posts\/49926"}],"curies":[{"name":"wp","href":"https:\/\/api.w.org\/{rel}","templated":true}]}}

http://caririemacao.com/1/wp-content/uploads/2018/05/Operação-apreensão-de-carga-300x169.jpeg

Operação-apreensão-de-carga-300&#215;169

Não processado

<p class="attachment"><a href='https://www.caririemacao.com/1/wp-content/uploads/2018/05/Operação-apreensão-de-carga-300x169.jpeg'><img fetchpriority="high" decoding="async" width="300" height="169" src="https://www.caririemacao.com/1/wp-content/uploads/2018/05/Operação-apreensão-de-carga-300x169-300x169.jpeg" class="attachment-medium size-medium" alt="" /></a></p>

2018/05/Operação-apreensão-de-carga-300x169.jpeg

Operação-apreensão-de-carga-300x169-150x150.jpeg

https://www.caririemacao.com/1/wp-content/uploads/2018/05/Operação-apreensão-de-carga-300x169-150x150.jpeg

Operação-apreensão-de-carga-300x169-300x169.jpeg

https://www.caririemacao.com/1/wp-content/uploads/2018/05/Operação-apreensão-de-carga-300x169-300x169.jpeg

Operação-apreensão-de-carga-300x169-130x90.jpeg

https://www.caririemacao.com/1/wp-content/uploads/2018/05/Operação-apreensão-de-carga-300x169-130x90.jpeg

Operação-apreensão-de-carga-300x169.jpeg

https://www.caririemacao.com/1/wp-content/uploads/2018/05/Operação-apreensão-de-carga-300x169.jpeg
